/(-40))/(2/(-96)).
34
Suppose 0 = -5*x - 0*a + 3*a + 32, 4*x - a = 20. Calculate the remainder when 2*(148/8 + -1) is divided by ((-12)/18)/(x/(-54)).
8
Suppose -5*r + 130 = -5*o, -2*o = -3*o - 5. Suppose 2*y - 18*y = -6*y - 790. Calculate the remainder when y is divided by r.
16
Let a be 4*((-20)/(-2) + 4). Let i = 67 - a. What is the remainder when 31 is divided by i?
9
Let c = -8 + 16. Let q be 21*(1/(-2) - 20/(-24)). Suppose -y - 2*w + 22 = q, -48 = -4*y + 4*w. What is the remainder when y is divided by c?
5
Let x be -110 - (4 + -12 + 3). Let u = 112 + x. Calculate the remainder when 38 is divided by u.
3
Let c = 3 + 1. Calculate the remainder when ((-294)/(-15) - 0) + (-51)/85 is divided by c.
3
Suppose 5*r + 1138 = -3347. Calculate the remainder when r/(-26) - (-2)/4 is divided by 4.
3
Let n(o) = -o**3 + 14*o**2 + 9*o + 79. What is the remainder when n(12) is divided by 53?
51
Suppose -v + 8 + 0 = -2*b, -5*v + 4*b = -22. Let p = v + 29. What is the remainder when p is divided by 16?
15
Suppose 2 = 2*d - 24. Suppose -1 = -3*m + 2*m - 2*c, c = 4*m - 13. Let y = 11 - m. What is the remainder when d is divided by y?
5
Let w = -75 - -105. Let v = w + 7. Suppose 60 = 4*b + 3*f - 17, -2*b - f = -39. What is the remainder when v is divided by b?
17
Suppose 4*u - 41 = 5*c, -3*u + 4*c + 2 = 6*c. Suppose u*l - 18 = 18. What is the remainder when 34 is divided by l?
7
Suppose -3*s - 2 = i + s, -5*s - 5 = 0. Suppose 3*w = -2*b - i*b + 79, b = -3*w + 76. Calculate the remainder when 97 is divided by w.
22
Let u(w) = 2*w - 5. Let a be u(6). Suppose a*v - 12*v = -415. What is the remainder when v is divided by 43?
40
Let v(d) = 5*d**3 + 38*d**2 - 17*d + 3. Calculate the remainder when 678 is divided by v(-8).
7
Suppose -8 = 5*a - 13. What is the remainder when 15 is divided by 12/(-3)*(-1*a + 0)?
3
Suppose 2*a + 3*a + 5*l = 220, -5*a + 255 = -2*l. What is the remainder when 190 is divided by a?
43
Suppose 3*b - 16 = m, 3*m + 2*m - b + 38 = 0. Let y = m - -7. Suppose y = 3*o - 37 - 26. Calculate the remainder when 60 is divided by o.
18
Let o = 138 - 99. Calculate the remainder when o is divided by 2/9 + (-280)/(-36).
7
Let b(c) = 13*c. Let s(o) = 4*o**3 + 4*o**2 + 3*o. Let f be s(-2). Let x = f + 29. Calculate the remainder when b(1) is divided by x.
6
What is the remainder when -5 + 7 + (-26)/(-2) is divided by (-3 + -7 - -1)/(-1)?
6
Suppose 1687*s - 1682*s = 6*n - 595, n = -s + 101. Suppose -2*y + 6*y - 64 = 0. Let a = y - -18. What is the remainder when n is divided by a?
32
Suppose 0 = -5*p - 4 + 34. What is the remainder when p/33 - 4832/(-44) is divided by 37?
36
Let o(m) = -m**3 + 9*m + 2. Calculate the remainder when 15 is divided by o(3).
1
Suppose l - 56 = -5*c, c = 5*l - c - 199. Let a = -30 + l. What is the remainder when 32 is divided by a?
10
Let d = -120 + 181. Let p = d + -49. What is the remainder when 58 is divided by p?
10
Let i = 7 - -11. Suppose -300 = -2*s - 4*r, 341 = 4*s - 5*r - 207. Calculate the remainder when s is divided by i.
16
Suppose -13*k - 390 = -16*k. Calculate the remainder when k is divided by 22.
20
Let a = -35 - -53. Calculate the remainder when 6 is divided by 2/16*38 - a/24.
2
Suppose 0 = w - 11 - 1. Calculate the remainder when w/54 - 331/(-9) is divided by 8.
5
Let i be (4/2)/((-26)/(-767)). Let r = -40 + i. What is the remainder when 70 is divided by r?
13
Let i(q) = q**3 - 9*q**2 + 18*q - 10. Calculate the remainder when 358 is divided by i(7).
16
Calculate the remainder when 21 is divided by ((-156)/18)/(-26) + (-14)/(-3).
1
Let x(z) = z**3 - 3*z**2 - 9*z - 38. Let r be (-6*1)/((-3)/8). Let v = r + -7. Calculate the remainder when x(6) is divided by v.
7
Let r(j) = 2*j + 13. Let p be r(5). Suppose -3*b + p + 13 = 0. Calculate the remainder when 22 is divided by b.
10
Let l = 17 - -1. Suppose 0 = -2*m + l + 16. Calculate the remainder when m is divided by 11.
6
Suppose -3*o + 13 = -11. Let q be 5 + (-1)/((1 - 2)*1). Calculate the remainder when 24*(17/12 + (-1)/q) is divided by o.
6
Let r = -1070 - -1229. What is the remainder when 2065 is divided by r?
157
Suppose -629*a + 620*a + 171 = 0. Let p = 16 - 5. Calculate the remainder when a is divided by p.
8
Let b = 795 - 714. Calculate the remainder when b is divided by 29.
23
Let f(s) = 5*s**2 + s**3 - 1 - s - 5*s + 1. Let p be f(-6). Suppose 0*u - u + 7 = p. Calculate the remainder when 27 is divided by u.
6
Let z(u) = 26*u**2 + 94*u - 9. What is the remainder when 76 is divided by z(-4)?
14
Suppose 4*u = 172 + 64. Let w = 73 - u. Calculate the remainder when 18/(2/(1*6)) is divided by w.
12
Let z be (15/5)/(1 - 0). Suppose -z*h + 5*i - 2829 = 0, 0 = -h + 4*i - 952 + 16. What is the remainder when 53 is divided by h/(-48) - (-3)/(-4)?
15
Let o(d) = -24*d - 1. What is the remainder when o(-3) is divided by 15?
11
Let c(x) = 17*x - 1. Let f be c(-1). Let o = 562 + -537. Let r = f + o. Calculate the remainder when r is divided by 5.
2
Let y(j) = -j**3 - 12*j**2 - 12*j - 9. Let c be y(-11). Suppose 252 = 4*v + c*t, 2*v - t = 107 + 27. Calculate the remainder when v is divided by 22.
21
Let l(r) = 2*r + 225. Calculate the remainder when l(-7) is divided by 53.
52
Let c(i) = -44*i + 270. What is the remainder when 61 is divided by c(6)?
1
Suppose -2*w + 6 = -i, 0 = 3*w - 4 - 5. Let v(m) = -m**3 + 8*m**2 - 5*m - 5. What is the remainder when v(7) is divided by 1 + 2 + (1 - i)?
1
Calculate the remainder when (75/(-10))/(2/(-4)) is divided by 5/4 - 1 - 15/(-4).
3
Let d be (-2)/7 + (-208)/(-91). Suppose 3*f - 113 = d*f. Calculate the remainder when f is divided by (-176)/(-6) - 1/3.
26
Let b(r) = -r**2 + 4*r + 37. Calculate the remainder when 12/((27/6)/3) is divided by b(-4).
3
Let a(s) = s**3 + 12*s**2 + 21*s + 44. Let g be a(-10). Let i(v) = -v**2 - 2*v + 3. Let b be i(-7). Let p = g + b. What is the remainder when 2 is divided by p?
0
Let m(n) = 6*n - 64. Calculate the remainder when m(25) is divided by 23.
17
Let t(n) = -n**3 - n**2 + n + 3. Let s = 28 - 23. Let h(v) = -3*v + 15. Let w be h(s). Calculate the remainder when 5 is divided by t(w).
2
Let x(m) = -3*m + 59. Suppose y + 4*f = 14, -2*y - 29 = -3*f - 90. Calculate the remainder when y is divided by x(15).
12
Suppose 5*l - 17 = n, -4*l + 9 = 4*n - 19. Suppose -2*u + 8 = l*k, 0 = k + 6 - 3. What is the remainder when 26 is divided by u?
6
Suppose -62*y + 76*y = 1484. What is the remainder when y is divided by 12?
10
Let j = 335 + -299. What is the remainder when 113 is divided by j?
5
Suppose 0 = -25*t + 36*t - 814. What is the remainder when 143 is divided by t?
69
Suppose i + 4*n = 108, -5*i - 22*n = -26*n - 540. What is the remainder when i is divided by 8?
4
Suppose 7645 = 25*p + 30*p. Calculate the remainder when p is divided by 4.
3
Suppose -3*n + 112 = -5*u + 4*u, 4*n = -2*u + 156. Calculate the remainder when n is divided by 413/21 + (-2)/(-6).
18
Calculate the remainder when 36 is divided by (4/(48/44))/(1/3).
3
Suppose -19 - 6 = -r. Suppose 125 - r = -5*c. Calculate the remainder when (-4)/c + (-108)/(-10) is divided by 7.
4
Let m be 18/22 + 3*6/99. Let x(c) = 38*c - 4 + 2 - 7*c. Calculate the remainder when x(m) is divided by 8.
5
Let p = 7 + -4. Let v(d) = 22*d + 136. Calculate the remainder when v(-6) is divided by p.
1
Let g(l) = 3*l. What is the remainder when (6 - 192/33) + (-1932)/(-22) is divided by g(6)?
16
Let g(s) = 7*s**3 - 3*s - 2. Let q be g(2). Let t = q - 20. Suppose 0 = 2*n - 5*n - 5*r + 40, -2*n = -4*r - 34. What is the remainder when t is divided by n?
13
Suppose 3*q - d - 97 = 0, -2*d - 2*d - 116 = -4*q. What is the remainder when 3 + 0 + (0 - (-3 + -128)) is divided by q?
32
What is the remainder when 348 is divided by (-22)/11 - (-73 + 1)?
68
Suppose q - 10 - 72 = 0. Suppose -3*f = -3*o - 4*f + 46, -5*o + f + q = 0. Calculate the remainder when 31 is divided by o.
15
Suppose -96 = 8*i - 440. What is the remainder when 257 is divided by i?
42
Suppose 0 = x - 2 + 7, -2*x + 8 = 2*d. Calculate the remainder when d is divided by 1.
0
Let a(m) = 14*m + 32. Let l be a(13). Suppose -l = 5*k - 704. What is the remainder when k is divided by 25?
23
Let d(k) = 6*k**2 + 0*k**2 + 12*k - 7*k**2 + 9*k + 24. What is the remainder when d(18) is divided by 27?
24
Suppose 7*c - 4*c - 69 = -